 - 1. Let g(z) = o(z) + 6*v(z). What is g(4)?
34
Let q(v) be the second derivative of v**4/6 + v**3/2 + v**2/2 - 120*v. Give q(-1).
0
Let g(o) be the first derivative of o**3/3 - 8*o**2 - 2*o + 266. Give g(14).
-30
Let r(b) = 2*b**2 + 10*b - 10. Let h be r(1). Let n(l) = -3*l**2 + 3*l - 1. Give n(h).
-7
Let q(i) = 2*i - 6. Let t be q(4). Suppose 5*u = -n, -30 = -n + t*u - u. Let p = n + -18. Let z(v) = -v**2 + 7*v + 2. Calculate z(p).
2
Let k = -105 - -99. Let b(j) = j**3 + 5*j**2 - 9*j + 8. Calculate b(k).
26
Let j(k) be the first derivative of -k**4/4 - 4*k**3/3 + 5*k**2/2 - 7*k - 28. What is j(-6)?
35
Let d(z) = -2 + 4 + 4 + 6*z**2 - z**3 - 7*z. Let a = 9 - 4. Calculate d(a).
-4
Suppose 0*f + 4*f = 8. Let m(a) = -3*a**2 + 6. Let k(q) = -13*q**2 + q + 26. Let n(l) = -2*k(l) + 9*m(l). Determine n(f).
-6
Let o(d) be the second derivative of d**4/12 - 41*d**2/2 - 369*d. Determine o(0).
-41
Suppose -5*d - j - 29 = 0, -3*d + 5*j + 5 = 28. Let g(x) = x + 5. Let n(m) = -4*m - 46. Let l(r) = 8*g(r) + n(r). Give l(d).
-30
Let v(g) = g**2 - 9*g + 2. Let c(k) = -8*k**2 + 262*k + 72. Let f be c(33). Calculate v(f).
-16
Let h(v) be the third derivative of -v**5/60 + v**4/4 - 7*v**3/6 - 48*v**2. Determine h(5).
-2
Let k(d) = 6*d**3 + 15*d**2 + 7*d - 15. Suppose -16 = 19*z - 15*z. Let j(w) = 5*w**3 + 14*w**2 + 7*w - 14. Let g(s) = z*k(s) + 5*j(s). Calculate g(-9).
8
Suppose 54*f + 293 + 85 = 0. Let h(j) be the third derivative of -j**6/120 - j**5/10 + j**4/3 + 5*j**3/6 + j**2. Calculate h(f).
-2
Let q(k) = -2*k**3 + 5*k**2 + 10*k + 20. Let v(o) = o**3 - 3*o**2 - 6*o - 10. Let y(h) = -3*q(h) - 5*v(h). Determine y(0).
-10
Let z(v) be the first derivative of v**2 - v - 2. Let m(o) be the first derivative of -o**2/2 + 9*o + 2. Let f be m(6). What is z(f)?
5
Let i(p) be the first derivative of -p**2/2 + 13*p - 61. Give i(9).
4
Let c(b) be the third derivative of -b**8/6720 + b**7/210 - b**6/60 + 13*b**5/120 - b**4/6 + b**2. Let f(t) be the second derivative of c(t). Give f(11).
2
Let t(b) = b**3 - 6*b**2 + 8*b - 5. Suppose -3*p + 6 = -3*k, 6 = 3*p - k + 4. Suppose -g - 4 = -0, p = 5*i + 2*g - 17. What is t(i)?
10
Let x(n) = 4*n**3 - 3*n - 7 - 4*n**2 - 3*n**3 + 0*n**3. Let s(w) = w**3 + w**2 - w + 5. Let m be s(0). Suppose 0 = 7*l - m*l - 10. Give x(l).
3
Let y(j) = -j**2 + 7*j + 11. Let l be y(8). Let b(o) = 11*o - 2*o + 4*o + l*o. Give b(-1).
-16
Let i = -6 + 4. Let b(s) = 7*s + 5. Let o(m) = 16*m + 11. Let l(w) = -9*b(w) + 4*o(w). Let q(y) = y**2 + 9*y. Let c(j) = i*l(j) + q(j). Determine c(-6).
-4
Let o be ((-14)/(-4))/7*-14. Let y(g) = -3*g + 4. Give y(o).
25
Suppose l + 1 = 0, o + 2*o - 5*l = -79. Let y be (-204)/o - (24/(-28))/(-3). Let k(d) = -4*d**3 + 9*d + 6*d**2 + d**3 - 6 + 2*d**3. Give k(y).
8
Let o(k) = -k**3 + 3*k**2 - 4*k - 12. Let r be 28/(-98) - 60/(-14). Let y(p) = -p**3 + 4*p**2 - 5*p - 13. Let c(z) = r*y(z) - 5*o(z). Determine c(0).
8
Let w(y) = -y**3 + 7*y**2 - 10*y - 1. Suppose 11*f - 10 - 23 = 0. What is w(f)?
5
Let r = 52 - 15. Let x = r + -30. Let f(b) = -b**3 + 7*b**2 + 2*b. Give f(x).
14
Let g(y) be the first derivative of -y**3/3 - 6*y**2 + y + 59. Give g(-9).
28
Let v(j) = -j + 6. Let a(h) = -2*h + 5. Let z(m) = -3*a(m) + 4*v(m). Calculate z(0).
9
Let p be (6/3 - 5) + 15. Suppose -4*l = 4 + p. Let k(x) = -7*x**2 - 4*x + 11. Let n(j) = -3*j**2 - 2*j + 5. Let q(h) = l*k(h) + 9*n(h). Give q(1).
0
Let o(i) = -i + 2. Suppose -k = -6*a + a + 1, 2*a = 0. Let s = 12 + k. Suppose s = -5*z + 2*w, w - 9 + 26 = -5*z. Give o(z).
5
Let v be ((-6)/(-8))/(23/(-8) + 3). Let f(g) = -4*g**2 - 7*g + v*g**2 + 4*g**2 - 5*g**2 + 6. What is f(7)?
6
Suppose 4*f = -5*d, 5*f - 10*d - 21 = -11*d. Let m(j) be the second derivative of -j**3/6 + 3*j**2/2 - 3*j. What is m(f)?
-2
Suppose 44*a - 54*a = 40. Let z(v) = -2 + 4 + 2 - v. Determine z(a).
8
Let v(f) = -4*f**2 - f - 3. Let q(g) = -5*g**2 - g - 4. Let z(u) = -3*q(u) + 4*v(u). Let c be ((-2)/(-4))/((-32)/64). Determine z(c).
0
Let i(n) = 4*n - 5. Let z(m) = -m**3 + 3*m**2 - m - 3. Let o be z(-3). Suppose c - o = -55. Let b(p) = -p + 1. Let g(y) = c*i(y) - 3*b(y). What is g(0)?
2
Let d(t) = -t**2 + 3*t. Let h = 11 + -16. Let m = 10 + h. Let b(g) = -g**3 + 6*g**2 - 5*g + 4. Let k be b(m). Give d(k).
-4
Suppose 0 = 7*s - 14*s - 42. Let x(r) = -2*r + 3. Calculate x(s).
15
Let s(w) = -w + 11. Let j(o) = -o**2 + 8*o + 1. Suppose 0 = -0*i + 5*i - 35. Let m be j(i). Let q be s(m). Let b(x) = x**3 - 2*x**2 - 3. Calculate b(q).
6
Let s(m) be the third derivative of m**5/60 + m**4/24 - 5*m**3/2 - 43*m**2. Determine s(0).
-15
Let x(v) be the first derivative of -17 - 7*v + 1/2*v**2. Determine x(5).
-2
Let o = 17771/220 + -888/11. Let y(q) be the second derivative of -3*q - o*q**5 + 0 - 1/2*q**2 + 1/6*q**3 + 1/4*q**4. Calculate y(4).
-13
Let a(z) = 4*z - 1. Let s(f) = 2*f + 12. Let h be s(-9). Let i = -7 - h. Give a(i).
-5
Let g(u) = 2*u + 3. Suppose -4*l = 5*w - 0*l - 34, 3*w + 5*l - 23 = 0. Let p be (-8 - -11)*8/w. Let m be p/1*(-9)/18. What is g(m)?
-1
Suppose c = 8 - 24. Let q = -11 - c. Let u(l) = 2*l. Give u(q).
10
Let w(g) = -9*g - 2*g + 7*g**2 - g**3 - 3*g + 2*g**2 - g**2 + 10. Calculate w(6).
-2
Let x(h) = -7*h**2 - 23*h + 12. Let c(l) = 4*l**2 + 11*l - 6. Let y(v) = -5*c(v) - 3*x(v). Calculate y(-10).
-46
Let g(z) be the second derivative of z**5/20 + 2*z**4/3 - 5*z**3/3 + z**2 - 91*z. What is g(-9)?
11
Let n(z) be the third derivative of z**4/24 + z**3/6 - 64*z**2. What is n(-3)?
-2
Let q(c) = 5*c**2 - 4*c**2 + 28*c - 15*c + 16. Determine q(-11).
-6
Let a(f) = f**3 - 3*f**2 - f - 5. Let i(q) = -q + 3. Let o = 13 - 14. Let r be i(o). Calculate a(r).
7
Let y(a) = 22*a + 10*a + 21*a + 2 + a**2 - 48*a. Determine y(-4).
-2
Let k(w) be the second derivative of w**3/3 + 4*w**2 - 127*w - 1. Give k(-8).
-8
Let a(l) be the first derivative of -l**4/4 - 4*l**3/3 + 2*l**2 + 17. What is a(-4)?
-16
Let w(y) = y - 2. Let t = -644 + 644. Let m be ((-1)/1 + 1)/1. Let c = m - t. What is w(c)?
-2
Let a(i) = -17*i + 46*i - 2 - 15*i - 12*i. Calculate a(9).
16
Let c(m) be the first derivative of 3/2*m**2 + 1/24*m**4 + 3 + 0*m + 5/6*m**3. Let h(a) be the second derivative of c(a). What is h(0)?
5
Let y(j) = -j**3 + 6*j**2 + j + 8. Suppose 2*u - 4 = 0, -2*u - 165 = -h + 23. Suppose 18 = h*l - 189*l. Give y(l).
14
Let t(s) = s**2 - s - 1. Let v(n) = -3*n**2 + 8*n + 4. Let f(q) = -2*t(q) - v(q). Let w be (-2)/(-4) - 1791/(-18). Let i be 1 - (w/5)/(-4). Calculate f(i).
-2
Let s = -6 + 1. Let c(q) = 3*q**3 - 5*q**2 + 5*q + 6. Let i(a) = a**3 - 2*a**2 + 2*a + 3. Let y(o) = s*i(o) + 2*c(o). Suppose 0 = 6*d - 11*d - 6*d. Give y(d).
-3
Let q(s) = s**2 + 6*s + 4. Let n be (-1)/(2 - 39/19). Suppose -7 = -4*w - n. Give q(w).
-5
Let c(k) = 2*k + 3*k - 7*k. Let d = -11 + 11. Let u be 5*3/(d - -3). Determine c(u).
-10
Let c = 14 - 10. Let k = 16 + -14. Let q(o) = 2 - o + 2 - 1 + k. Give q(c).
1
Let w(j) = 3*j + 0*j - 9*j**2 - 2*j. Suppose 9 = 6*m + 21. Let h be 4/(m + -2)*1. Give w(h).
-10
Let g(m) = 3 + m - 2 + 5*m. Let c(r) = -4*r**3 - 6*r**2 - 5*r + 6. Let z(s) = s**3 - s**2 + s - 1. Let d(y) = -c(y) - 5*z(y). Let b be d(11). Give g(b).
-5
Let f(u) = 16*u + 7. Let g(j) = -14*j - 7. Suppose -2*p = 5*m + 29, 0 = 4*p - p - 9. Let y(r) = m*g(r) - 6*f(r). What is y(-6)?
-5
Let m(o) = -3*o - 5. Let h be m(-2). Suppose 0*c - h = -c. Let j(l) = 7*l + 1. What is j(c)?
8
Let a(m) = -2*m**2 - 2*m. Let w be a(-2). Let j(y) be the first derivative of -y**3/3 - 5*y**2/2 - y + 37. Determine j(w).
3
Let m(s) = -s**2 + 5*s + 10. Suppose -3 = 8*o - 9*o. Suppose -o*f - 20 = -5*g, -3*g + 2*f + 8 = -3. Give m(g).
-4
Suppose -3 = -4*t + 1, -d + 8 = 5*t. Let h(k) be the second derivative of k**5/20 - k**4/4 + k**3/2 + k**2 + k. Determine h(d).
11
Let d = 10 - 15. Let j(a) = 2*a - 17. Let u(k) = 3*k - 19. Let r(w) = -6*j(w) + 5*u(w). Determine r(d).
-8
Let q = -9 + 15. Suppose -q = 21*m - 19*m. Let b(z) = 2*z - 1. Calculate b(m).
-7
Let x(y) be the first derivative of 1/3*y**3 - 1/4*y**4 - y**2 - 13 + y. Calculate x(-2).
17
Let h(q) = -6*q - 5*q - 1 + 11*q + 0 - q. Give h(-3).
2
Suppose -4*q - 20 = q. Let s(u) = -5 - u - 118*u**2 + 53*u**2 + 64*u**2. What is s(q)?
-17
Suppose 0 = -2*i + 4. Let w(r) = 4*r - 2 - 5*r - i. Determine w(-5).
1
Let j(f) = -f**2 + 9*f + 5